{"version":"1.0","provider_name":"Tal\u00e1lj t\u00e1rsat blog","provider_url":"https:\/\/talaljtarsat.cafeblog.hu","author_name":"Farkas Csaba","author_url":"https:\/\/talaljtarsat.cafeblog.hu\/author\/farkas_csaba\/","title":"\u00c9letverseny","html":"<a href=\"https:\/\/talaljtarsat.cafeblog.hu\/files\/2016\/12\/eletverseny.png\"><img src=\"https:\/\/talaljtarsat.cafeblog.hu\/files\/2016\/12\/eletverseny-300x200.png\" alt=\"eletverseny\" width=\"300\" height=\"200\" class=\"alignnone size-medium wp-image-1553\" \/><\/a>\r\n<p><b>\u00c9letverseny<\/p><\/b>\r\n\r\nS\u00f6t\u00e9t \u00e9jben oly mag\u00e1nyosan vagyok\r\nMegsz\u00f6kn\u00e9k, de magam ut\u00e1n mit hagyok\r\nB\u00edbor k\u00f6d lesz \u00farr\u00e1 lelkemen\r\nKi lesz akkor velem, \u00e9s ki ellenem<p>\r\n<!--more-->Magam vagyok, \u00e9s kett\u0151 az \u00e9letem\r\nEgyikben \u00e9lek, m\u00e1sikat k\u00e9rhetem\r\nDe nincs er\u0151m, mert hi\u00e1ba is k\u00e9rem\r\nNem vagyok otthon ezen a t\u00e9ren\r\n\r\nD\u00f6nteni kell, m\u00e9g ha f\u00e1j is\r\nEgy \u00e9vben csak egyszer van maj\u00e1lis\r\nDe s\u00f6t\u00e9t \u00e9jnek hajnal a rem\u00e9nye\r\nB\u00e1tran n\u00e9zek \u00e9n az \u00e9let szem\u00e9be\r\n\r\nSzerz\u0151: L\u00e1z\u00e1r Istv\u00e1n&nbsp;&nbsp;2013.02.02&nbsp; (Szombat)\r\n","type":"rich","thumbnail_url":"https:\/\/talaljtarsat.cafeblog.hu\/files\/2016\/12\/eletverseny-150x150.png","thumbnail_width":150,"thumbnail_height":150}

Találj társat blog

Életverseny

<a href="https://talaljtarsat.cafeblog.hu/files/2016/12/eletverseny.png"><img src="https://talaljtarsat.cafeblog.hu/files/2016/12/eletverseny-300x200.png" alt="eletverseny" width="300" height="200" class="alignnone size-medium wp-image-1553" /></a>
<p><b>Életverseny</p></b>

Sötét éjben oly magányosan vagyok
Megszöknék, de magam után mit hagyok
Bíbor köd lesz úrrá lelkemen
Ki lesz akkor velem, és ki ellenem<p>
<!--more-->Magam vagyok, és kettő az életem
Egyikben élek, másikat kérhetem
De nincs erőm, mert hiába is kérem
Nem vagyok otthon ezen a téren

Dönteni kell, még ha fáj is
Egy évben csak egyszer van majális
De sötét éjnek hajnal a reménye
Bátran nézek én az élet szemébe

Szerző: Lázár István&nbsp;&nbsp;2013.02.02&nbsp; (Szombat)
