{"version":"1.0","provider_name":"Tal\u00e1lj t\u00e1rsat blog","provider_url":"https:\/\/talaljtarsat.cafeblog.hu","author_name":"Farkas Csaba","author_url":"https:\/\/talaljtarsat.cafeblog.hu\/author\/farkas_csaba\/","title":"Az \u00e9let vihara","html":"<a href=\"https:\/\/talaljtarsat.cafeblog.hu\/files\/2016\/09\/az_elet_vihara.png\"><img src=\"https:\/\/talaljtarsat.cafeblog.hu\/files\/2016\/09\/az_elet_vihara-300x200.png\" alt=\"az_elet_vihara\" width=\"300\" height=\"200\" class=\"alignnone size-medium wp-image-1272\" \/><\/a>\r\n<p><b>Az \u00e9let vihara...<\/b><\/p>\r\n\r\nAz \u00e9let vihara sz\u00e9tfesz\u00edti fejem\r\nSokszor azt se tudom, hol is van a helyem\r\nPedig az \u00f6r\u00f6ml\u00e1nyok is tudj\u00e1k a frank\u00f3t\r\nGumi n\u00e9lk\u00fcl tuti megkapod a kank\u00f3t<p>\r\n<!--more-->A politika nem az \u00e9n vil\u00e1gom\r\nMint p\u00fapot a h\u00e1tamra, \u00fagy k\u00edv\u00e1nom\r\nDe mi az \u00e9let, hol van a titka\r\nAz igaz v\u00e1lasz, mint feh\u00e9r holl\u00f3, ritka\r\n\r\nPedig kell egy buli hangulat\r\nAmi kezembe majd adut ad\r\nHogy feledjem a tegnapom\r\nA v\u00e9gj\u00e1t\u00e9kot majd megkapom\r\n\r\n\r\nSzerz\u0151: L\u00e1z\u00e1r Istv\u00e1n&nbsp;&nbsp;2009.06.14&nbsp;18:15&nbsp; ( Vas\u00e1rnap)\r\n","type":"rich","thumbnail_url":"https:\/\/talaljtarsat.cafeblog.hu\/files\/2016\/09\/az_elet_vihara-150x150.png","thumbnail_width":150,"thumbnail_height":150}

Találj társat blog

Az élet vihara

<a href="https://talaljtarsat.cafeblog.hu/files/2016/09/az_elet_vihara.png"><img src="https://talaljtarsat.cafeblog.hu/files/2016/09/az_elet_vihara-300x200.png" alt="az_elet_vihara" width="300" height="200" class="alignnone size-medium wp-image-1272" /></a>
<p><b>Az élet vihara...</b></p>

Az élet vihara szétfeszíti fejem
Sokszor azt se tudom, hol is van a helyem
Pedig az örömlányok is tudják a frankót
Gumi nélkül tuti megkapod a kankót<p>
<!--more-->A politika nem az én világom
Mint púpot a hátamra, úgy kívánom
De mi az élet, hol van a titka
Az igaz válasz, mint fehér holló, ritka

Pedig kell egy buli hangulat
Ami kezembe majd adut ad
Hogy feledjem a tegnapom
A végjátékot majd megkapom


Szerző: Lázár István&nbsp;&nbsp;2009.06.14&nbsp;18:15&nbsp; ( Vasárnap)
