{"version":"1.0","provider_name":"Tal\u00e1lj t\u00e1rsat blog","provider_url":"https:\/\/talaljtarsat.cafeblog.hu","author_name":"Farkas Csaba","author_url":"https:\/\/talaljtarsat.cafeblog.hu\/author\/farkas_csaba\/","title":"Ha egyszer...","html":"<a href=\"https:\/\/talaljtarsat.cafeblog.hu\/files\/2016\/07\/szivarvany.png\"><img src=\"https:\/\/talaljtarsat.cafeblog.hu\/files\/2016\/07\/szivarvany-300x200.png\" alt=\"szivarvany\" width=\"300\" height=\"200\" class=\"alignnone size-medium wp-image-1085\" \/><\/a>\r\n<p><b>Ha egyszer...<\/b><\/p>\r\n\r\nHa egyszer elveszn\u00e9k! \r\nS nem l\u00e1tn\u00e1m m\u00e1r\r\na vil\u00e1gb\u00f3l mindazt, \r\nami sz\u00e9p....&nbsp;<!--more-->\r\nCsak temet\u0151t, \u00e9s nem\r\nk\u00e9k eget,\r\na sziv\u00e1rv\u00e1nyb\u00f3l\r\na sz\u00edneket, \r\nmert ellopt\u00e1k...\r\nHa testemet sz\u00fcrke\r\n\u00fcres semmik\u00e9nt\r\nvonszoln\u00e1m tov\u00e1bb,\r\ns nem hinn\u00e9m m\u00e1r\r\na csod\u00e1t...\r\nMert mi egyszer sz\u00e9p, \r\nm\u00e1r csak volt...\r\nR\u00e9g elfeledett, \r\na semmibe lett...\r\nHa egyszer elveszn\u00e9k...\r\n-k\u00e9rlek-\r\nKeress meg!\r\n\r\nSzerz\u0151: K\u00f3nya J\u00falia&nbsp;&nbsp;2016.03.21&nbsp; (H\u00e9tf\u0151)","type":"rich","thumbnail_url":"https:\/\/talaljtarsat.cafeblog.hu\/files\/2016\/07\/szivarvany-150x150.png","thumbnail_width":150,"thumbnail_height":150}

Találj társat blog

<a href="https://talaljtarsat.cafeblog.hu/files/2016/07/szivarvany.png"><img src="https://talaljtarsat.cafeblog.hu/files/2016/07/szivarvany-300x200.png" alt="szivarvany" width="300" height="200" class="alignnone size-medium wp-image-1085" /></a>
<p><b>Ha egyszer...</b></p>

Ha egyszer elvesznék! 
S nem látnám már
a világból mindazt, 
ami szép....&nbsp;<!--more-->
Csak temetőt, és nem
kék eget,
a szivárványból
a színeket, 
mert ellopták...
Ha testemet szürke
üres semmiként
vonszolnám tovább,
s nem hinném már
a csodát...
Mert mi egyszer szép, 
már csak volt...
Rég elfeledett, 
a semmibe lett...
Ha egyszer elvesznék...
-kérlek-
Keress meg!

Szerző: Kónya Júlia&nbsp;&nbsp;2016.03.21&nbsp; (Hétfő)
